36414?
94
What is the greatest common divisor of 6632980 and 820?
820
What is the highest common divisor of 360790 and 234895?
545
What is the highest common divisor of 1422156 and 17484?
372
What is the highest common factor of 36464 and 1266608?
688
Calculate the highest common divisor of 1963 and 129419231.
151
Calculate the greatest common factor of 129 and 164619093.
129
What is the highest common factor of 784 and 10021648?
112
What is the greatest common divisor of 1380 and 30729380?
460
What is the greatest common divisor of 805766 and 884?
442
What is the greatest common divisor of 465480 and 519?
3
Calculate the greatest common divisor of 1309 and 88077.
187
What is the greatest common divisor of 57 and 1307961387?
57
Calculate the highest common divisor of 4650 and 153975.
75
Calculate the highest common factor of 2431080 and 7884.
108
What is the highest common factor of 83825325 and 6822?
3411
What is the highest common divisor of 989978 and 1870?
374
What is the highest common divisor of 94810 and 112774?
998
What is the highest common factor of 258426850 and 330?
110
What is the greatest common factor of 32 and 141893680?
16
Calculate the greatest common divisor of 3174 and 769166.
1058
What is the highest common factor of 116233260 and 190?
190
What is the highest common divisor of 9284 and 552332?
44
What is the greatest common divisor of 561301869 and 59?
59
Calculate the greatest common factor of 2511 and 10756845.
279
What is the highest common factor of 23605568 and 896?
448
What is the highest common divisor of 407151 and 159885?
171
Calculate the greatest common divisor of 112005 and 15300.
45
What is the highest common divisor of 609 and 5826709?
203
Calculate the greatest common factor of 11909470 and 90.
10
Calculate the greatest common divisor of 18 and 157946976.
18
Calculate the greatest common divisor of 382574283 and 39.
39
What is the greatest common divisor of 96693 and 29?
1
Calculate the greatest common divisor of 1807114 and 6386.
62
Calculate the greatest common factor of 9577 and 29707.
61
Calculate the highest common divisor of 992 and 128898.
62
What is the greatest common factor of 15148 and 1262153?
541
What is the highest common factor of 312707 and 2462419?
1189
What is the greatest common factor of 4328 and 9976?
8
Calculate the greatest common divisor of 14938 and 3201.
1067
What is the greatest common divisor of 2783 and 27982559?
253
Calculate the greatest common divisor of 20281443 and 36309.
1911
What is the greatest common divisor of 24073115 and 110?
55
Calculate the highest common divisor of 138024 and 30246.
426
Calculate the greatest common factor of 390 and 5995840.
10
What is the highest common divisor of 41320419 and 357?
21
What is the highest common factor of 4797 and 341118?
9
Calculate the highest common divisor of 879096 and 216.
24
Calculate the greatest common factor of 394191894 and 150942.
13722
What is the highest common factor of 4625291 and 55?
11
What is the greatest common divisor of 146597 and 33?
11
Calculate the highest common divisor of 42341930 and 4880.
610
Calculate the highest common factor of 1632 and 91798368.
1632
Calculate the greatest common factor of 15139116 and 108.
108
Calculate the highest common factor of 3695063 and 878.
439
What is the highest common factor of 35 and 4260515630?
35
Calculate the greatest common divisor of 18104700 and 225.
75
What is the greatest common divisor of 17383200 and 4400?
400
Calculate the greatest common divisor of 209142144 and 7668.
2556
Calculate the highest common divisor of 99601 and 429407.
103
Calculate the greatest common factor of 15841738 and 13304.
3326
What is the greatest common factor of 2142922 and 21016?
142
Calculate the greatest common divisor of 22 and 3684532.
2
What is the highest common divisor of 1661 and 8972571?
151
Calculate the greatest common factor of 241 and 152781227.
241
What is the greatest common divisor of 973150 and 100?
50
Calculate the greatest common factor of 7849 and 2047978.
47
Calculate the highest common factor of 9 and 335383.
1
Calculate the greatest common divisor of 1011690 and 5295.
15
What is the greatest common divisor of 46996 and 227292?
124
Calculate the highest common factor of 840 and 628290.
30
What is the greatest common divisor of 4619889 and 1809?
27
What is the greatest common factor of 8331 and 531141?
3
What is the greatest common divisor of 9610923 and 33453?
1239
Calculate the greatest common factor of 7079634 and 437839.
7421
Calculate the highest common divisor of 10868620 and 945980.
4060
What is the highest common factor of 2111846231 and 737?
737
What is the greatest common factor of 150022075 and 6027?
2009
Calculate the greatest common factor of 240375 and 255.
15
Calculate the highest common divisor of 48 and 25921704.
24
What is the greatest common factor of 500187 and 99794?
1217
Calculate the greatest common factor of 2973164 and 1635944.
1564
What is the greatest common divisor of 1660 and 58755285?
415
Calculate the greatest common factor of 20410606 and 17168.
2146
What is the highest common factor of 39117 and 5826427?
1003
What is the highest common divisor of 19568 and 5328?
16
What is the highest common factor of 4697214 and 53023?
3119
Calculate the greatest common divisor of 13059976 and 2729944.
9512
Calculate the greatest common divisor of 19953 and 3138533.
739
Calculate the highest common factor of 1423186 and 57980.
446
What is the greatest common factor of 244 and 7205?
1
Calculate the highest common factor of 525 and 31924125.
75
Calculate the highest common divisor of 41510 and 1250.
10
What is the greatest common divisor of 3234 and 599214?
462
What is the highest common factor of 6145893 and 117?
117
Calculate the greatest common divisor of 142060723 and 1106.
553
What is the greatest common divisor of 519984 and 16?
16
What is the highest common divisor of 546180 and 120?
60
What is the greatest common factor of 144322676 and 5962?
542
Calculate the highest common divisor of 9304190 and 1610.
1610
Calculate the highest common divisor of 10886975 and 9150.
1525
Calculate the highest common divisor of 1546938 and 3798.
18
Calculate the greatest common divisor of 161588 and 17554586.
2786
Calculate the highest common factor of 53248 and 1030640.
208
Calculate the highest common factor of 82044 and 45874044.
1908
What is the highest common divisor of 741706 and 186?
62
What is the greatest common divisor of 64 and 286286720?
64
Calculate the greatest common factor of 10899 and 361570.
173
Calculate the highest common factor of 25538296 and 56.
56
Calculate the highest common factor of 940071 and 2552.
11
What is the greatest common factor of 61592427 and 702?
351
Calculate the greatest common factor of 101956 and 1616102.
142
Calculate the highest common factor of 36596814 and 41934.
1446
What is the greatest common factor of 374758496 and 412?
412
Calculate the highest common factor of 100466 and 671938.
382
Calculate the highest common divisor of 579229200 and 440.
440
Calculate the highest common divisor of 24255 and 77770.
385
Calculate the highest common divisor of 52 and 3742622.
26
What is the greatest common divisor of 101 and 228515429?
101
Calculate the greatest common divisor of 156157789 and 19.
19
What is the greatest common factor of 7696156 and 208?
52
Calculate the highest common factor of 3526 and 465002.
86
Calculate the highest common factor of 210751754 and 104992.
6562
Calculate the greatest common divisor of 152366190 and 60.
30
Calculate the greatest common factor of 404500 and 28900.
100
What is the greatest common divisor of 144 and 265868?
4
What is the highest common divisor of 13255838 and 1424?
178
What is the greatest common divisor of 2124099 and 3366?
153
Calculate the greatest common factor of 197824 and 3776.
64
Calculate the highest common factor of 46785 and 22665.
15
Calculate the highest common divisor of 1118721 and 496242.
4353
What is the greatest common divisor of 51805769 and 431?
431
Calculate the greatest common factor of 16075475 and 975.
325
Calculate the highest common divisor of 4108192 and 1452.
484
Calculate the highest common factor of 8020754 and 350.
14
What is the highest co